{"id":486,"date":"2025-08-26T14:33:47","date_gmt":"2025-08-26T12:33:47","guid":{"rendered":"https:\/\/www.parisenigmes.com\/blog\/?page_id=486"},"modified":"2025-09-09T10:04:32","modified_gmt":"2025-09-09T08:04:32","slug":"politique-de-confidentialite","status":"publish","type":"page","link":"https:\/\/www.parisenigmes.com\/blog\/politique-de-confidentialite\/","title":{"rendered":"Politique de confidentialit\u00e9"},"content":{"rendered":"<p data-start=\"62\" data-end=\"286\">Chez Paris Enigmes, nous nous engageons \u00e0 prot\u00e9ger votre vie priv\u00e9e. Cette Politique de Confidentialit\u00e9 explique comment nous collectons, utilisons et prot\u00e9geons vos donn\u00e9es personnelles.<\/p>\n<h2 data-start=\"288\" data-end=\"542\"><strong data-start=\"288\" data-end=\"315\">1. Collecte des Donn\u00e9es<\/strong><\/h2>\n<p data-start=\"288\" data-end=\"542\"><br data-start=\"315\" data-end=\"318\" \/>Nous collectons les informations personnelles que vous fournissez volontairement lorsque vous utilisez notre site web ou notre application mobile, telles que<\/p>\n<ul>\n<li data-start=\"1590\" data-end=\"1677\">\n<p data-start=\"1592\" data-end=\"1677\">Votre adresse e-mail et votre nom d\u2019utilisateur (pour cr\u00e9er et g\u00e9rer votre compte).<\/p>\n<\/li>\n<li data-start=\"1741\" data-end=\"1804\">\n<p data-start=\"1743\" data-end=\"1804\">Vos r\u00e9ponses aux \u00e9nigmes et vos actions sur notre application (pour am\u00e9liorer votre exp\u00e9rience).<\/p>\n<\/li>\n<li data-start=\"1805\" data-end=\"1907\">\n<p data-start=\"1807\" data-end=\"1907\">Votre consentement \u00e0 recevoir des notifications (pour vous informer des nouveaut\u00e9s et actualit\u00e9s).<\/p>\n<\/li>\n<\/ul>\n<h3>1a Localisation<\/h3>\n<p>Nous ne stockons pas vos donn\u00e9es de localisation mais nous l&rsquo;utilisons lorsque votre application est active si vous nous avez donn\u00e9 l&rsquo;autorisation:<\/p>\n<ul>\n<li data-start=\"1654\" data-end=\"1687\">\n<p data-start=\"1656\" data-end=\"1687\">Vous guider sur nos parcours<\/p>\n<\/li>\n<li data-start=\"1690\" data-end=\"1885\">\n<p data-start=\"1692\" data-end=\"1885\">Vous permettre de d\u00e9couvrir les monuments et nos parcours proches de vous<\/p>\n<\/li>\n<\/ul>\n<h2 data-start=\"544\" data-end=\"634\"><strong data-start=\"544\" data-end=\"585\">2. Utilisation des Donn\u00e9es Collect\u00e9es<\/strong><\/h2>\n<p data-start=\"544\" data-end=\"634\"><br data-start=\"585\" data-end=\"588\" \/>Les donn\u00e9es collect\u00e9es sont utilis\u00e9es pour :<\/p>\n<ul>\n<li data-start=\"1977\" data-end=\"2016\">\n<p data-start=\"1979\" data-end=\"2016\">Traiter vos commandes et paiements.<\/p>\n<\/li>\n<li data-start=\"2017\" data-end=\"2062\">\n<p data-start=\"2019\" data-end=\"2062\">Vous donner acc\u00e8s \u00e0 vos visites achet\u00e9es.<\/p>\n<\/li>\n<li data-start=\"2063\" data-end=\"2115\">\n<p data-start=\"2065\" data-end=\"2115\">Vous identifier et vous guider sur nos parcours.<\/p>\n<\/li>\n<li data-start=\"2116\" data-end=\"2167\">\n<p data-start=\"2118\" data-end=\"2167\">Am\u00e9liorer nos services et notre support client.<\/p>\n<\/li>\n<li data-start=\"2168\" data-end=\"2282\">\n<p data-start=\"2170\" data-end=\"2282\">Vous envoyer des informations li\u00e9es \u00e0 votre utilisation du service (avec votre accord pour les notifications).<\/p>\n<\/li>\n<\/ul>\n<h2 data-start=\"878\" data-end=\"1162\"><strong data-start=\"878\" data-end=\"904\">3. Partage des Donn\u00e9es<\/strong><\/h2>\n<p data-start=\"878\" data-end=\"1162\"><br data-start=\"904\" data-end=\"907\" \/>Nous ne vendons ni ne louons vos donn\u00e9es personnelles. Vos donn\u00e9es peuvent \u00eatre partag\u00e9es avec des prestataires de services tiers uniquement lorsque cela est n\u00e9cessaire au fonctionnement du service (par exemple, partenaires de traitement des paiements).<\/p>\n<h2 data-start=\"1164\" data-end=\"1328\"><strong data-start=\"1164\" data-end=\"1191\">4. S\u00e9curit\u00e9 des Donn\u00e9es<\/strong><\/h2>\n<p data-start=\"1164\" data-end=\"1328\"><br data-start=\"1191\" data-end=\"1194\" \/>Nous mettons en place des mesures techniques et organisationnelles appropri\u00e9es pour assurer la s\u00e9curit\u00e9 de vos donn\u00e9es personnelles.<\/p>\n<h2 data-start=\"1330\" data-end=\"1514\"><strong data-start=\"1330\" data-end=\"1360\">5. Droits des Utilisateurs<\/strong><\/h2>\n<p data-start=\"1330\" data-end=\"1514\"><br data-start=\"1360\" data-end=\"1363\" \/>Vous avez le droit d\u2019acc\u00e9der, de modifier ou de supprimer vos donn\u00e9es personnelles. Vous pouvez nous contacter \u00e0 tout moment pour exercer ces droits.<\/p>\n<h2 data-start=\"1516\" data-end=\"1756\"><strong data-start=\"1516\" data-end=\"1530\">6. Cookies<\/strong><\/h2>\n<p data-start=\"1516\" data-end=\"1756\"><br data-start=\"1530\" data-end=\"1533\" \/>Notre site web utilise des cookies afin d\u2019am\u00e9liorer votre exp\u00e9rience de navigation et de collecter des donn\u00e9es statistiques. Vous pouvez g\u00e9rer vos pr\u00e9f\u00e9rences en mati\u00e8re de cookies dans les param\u00e8tres de votre navigateur.<\/p>\n<h2 data-start=\"1758\" data-end=\"1957\"><strong data-start=\"1758\" data-end=\"1797\">7. Modifications de Cette Politique<\/strong><\/h2>\n<p data-start=\"1758\" data-end=\"1957\"><br data-start=\"1797\" data-end=\"1800\" \/>Nous pouvons mettre \u00e0 jour cette Politique de Confidentialit\u00e9 de temps \u00e0 autre. Toute modification sera publi\u00e9e sur cette page avec la date de mise \u00e0 jour.<\/p>\n","protected":false},"excerpt":{"rendered":"<p>Chez Paris Enigmes, nous nous engageons \u00e0 prot\u00e9ger votre vie priv\u00e9e. Cette Politique de Confidentialit\u00e9 explique comment nous collectons, utilisons et prot\u00e9geons vos donn\u00e9es personnelles. 1. Collecte des Donn\u00e9es Nous collectons les informations personnelles que vous fournissez volontairement lorsque vous utilisez notre site web ou notre application mobile, telles que Votre adresse e-mail et votre&#8230;<\/p>\n","protected":false},"author":1,"featured_media":0,"parent":0,"menu_order":0,"comment_status":"closed","ping_status":"closed","template":"","meta":{"_kad_post_transparent":"default","_kad_post_title":"default","_kad_post_layout":"default","_kad_post_sidebar_id":"","_kad_post_content_style":"default","_kad_post_vertical_padding":"default","_kad_post_feature":"","_kad_post_feature_position":"","_kad_post_header":false,"_kad_post_footer":false,"footnotes":""},"class_list":["post-486","page","type-page","status-publish","hentry"],"yoast_head":"<!-- This site is optimized with the Yoast SEO plugin v26.2 - https:\/\/yoast.com\/wordpress\/plugins\/seo\/ -->\n<title>Politique de confidentialit\u00e9 - Paris Enigmes - Blog<\/title>\n<meta name=\"description\" content=\"D\u00e9couvrez la Politique de Confidentialit\u00e9 de Paris Enigmes : collecte, utilisation et protection de vos donn\u00e9es personnelles, vos droits ...\" \/>\n<meta name=\"robots\" content=\"index, follow, max-snippet:-1, max-image-preview:large, max-video-preview:-1\" \/>\n<link rel=\"canonical\" href=\"https:\/\/www.parisenigmes.com\/blog\/politique-de-confidentialite\/\" \/>\n<meta property=\"og:locale\" content=\"fr_FR\" \/>\n<meta property=\"og:type\" content=\"article\" \/>\n<meta property=\"og:title\" content=\"Politique de confidentialit\u00e9 - Paris Enigmes - Blog\" \/>\n<meta property=\"og:description\" content=\"D\u00e9couvrez la Politique de Confidentialit\u00e9 de Paris Enigmes : collecte, utilisation et protection de vos donn\u00e9es personnelles, vos droits ...\" \/>\n<meta property=\"og:url\" content=\"https:\/\/www.parisenigmes.com\/blog\/politique-de-confidentialite\/\" \/>\n<meta property=\"og:site_name\" content=\"Paris Enigmes - Blog\" \/>\n<meta property=\"article:publisher\" content=\"https:\/\/www.facebook.com\/ParisEnigmes\/\" \/>\n<meta property=\"article:modified_time\" content=\"2025-09-09T08:04:32+00:00\" \/>\n<meta name=\"twitter:card\" content=\"summary_large_image\" \/>\n<meta name=\"twitter:description\" content=\"D\u00e9couvrez la Politique de Confidentialit\u00e9 de Paris Enigmes : collecte, utilisation et protection de vos donn\u00e9es personnelles, vos droits ...\" \/>\n<meta name=\"twitter:label1\" content=\"Est. reading time\" \/>\n\t<meta name=\"twitter:data1\" content=\"2 minutes\" \/>\n<script type=\"application\/ld+json\" class=\"yoast-schema-graph\">{\"@context\":\"https:\/\/schema.org\",\"@graph\":[{\"@type\":\"WebPage\",\"@id\":\"https:\/\/www.parisenigmes.com\/blog\/politique-de-confidentialite\/\",\"url\":\"https:\/\/www.parisenigmes.com\/blog\/politique-de-confidentialite\/\",\"name\":\"Politique de confidentialit\u00e9 - Paris Enigmes - Blog\",\"isPartOf\":{\"@id\":\"https:\/\/www.parisenigmes.com\/blog\/#website\"},\"datePublished\":\"2025-08-26T12:33:47+00:00\",\"dateModified\":\"2025-09-09T08:04:32+00:00\",\"description\":\"D\u00e9couvrez la Politique de Confidentialit\u00e9 de Paris Enigmes : collecte, utilisation et protection de vos donn\u00e9es personnelles, vos droits ...\",\"breadcrumb\":{\"@id\":\"https:\/\/www.parisenigmes.com\/blog\/politique-de-confidentialite\/#breadcrumb\"},\"inLanguage\":\"fr-FR\",\"potentialAction\":[{\"@type\":\"ReadAction\",\"target\":[\"https:\/\/www.parisenigmes.com\/blog\/politique-de-confidentialite\/\"]}]},{\"@type\":\"BreadcrumbList\",\"@id\":\"https:\/\/www.parisenigmes.com\/blog\/politique-de-confidentialite\/#breadcrumb\",\"itemListElement\":[{\"@type\":\"ListItem\",\"position\":1,\"name\":\"Home\",\"item\":\"https:\/\/www.parisenigmes.com\/blog\/\"},{\"@type\":\"ListItem\",\"position\":2,\"name\":\"Politique de confidentialit\u00e9\"}]},{\"@type\":\"WebSite\",\"@id\":\"https:\/\/www.parisenigmes.com\/blog\/#website\",\"url\":\"https:\/\/www.parisenigmes.com\/blog\/\",\"name\":\"Paris Enigmes - Blog\",\"description\":\"\",\"publisher\":{\"@id\":\"https:\/\/www.parisenigmes.com\/blog\/#organization\"},\"potentialAction\":[{\"@type\":\"SearchAction\",\"target\":{\"@type\":\"EntryPoint\",\"urlTemplate\":\"https:\/\/www.parisenigmes.com\/blog\/?s={search_term_string}\"},\"query-input\":{\"@type\":\"PropertyValueSpecification\",\"valueRequired\":true,\"valueName\":\"search_term_string\"}}],\"inLanguage\":\"fr-FR\"},{\"@type\":\"Organization\",\"@id\":\"https:\/\/www.parisenigmes.com\/blog\/#organization\",\"name\":\"Paris Enigmes - Blog\",\"url\":\"https:\/\/www.parisenigmes.com\/blog\/\",\"logo\":{\"@type\":\"ImageObject\",\"inLanguage\":\"fr-FR\",\"@id\":\"https:\/\/www.parisenigmes.com\/blog\/#\/schema\/logo\/image\/\",\"url\":\"https:\/\/www.parisenigmes.com\/blog\/wp-content\/uploads\/2025\/08\/ic_launcher.png\",\"contentUrl\":\"https:\/\/www.parisenigmes.com\/blog\/wp-content\/uploads\/2025\/08\/ic_launcher.png\",\"width\":1080,\"height\":1080,\"caption\":\"Paris Enigmes - Blog\"},\"image\":{\"@id\":\"https:\/\/www.parisenigmes.com\/blog\/#\/schema\/logo\/image\/\"},\"sameAs\":[\"https:\/\/www.facebook.com\/ParisEnigmes\/\",\"https:\/\/www.instagram.com\/parisenigmes\/\"]}]}<\/script>\n<!-- \/ Yoast SEO plugin. -->","yoast_head_json":{"title":"Politique de confidentialit\u00e9 - Paris Enigmes - Blog","description":"D\u00e9couvrez la Politique de Confidentialit\u00e9 de Paris Enigmes : collecte, utilisation et protection de vos donn\u00e9es personnelles, vos droits ...","robots":{"index":"index","follow":"follow","max-snippet":"max-snippet:-1","max-image-preview":"max-image-preview:large","max-video-preview":"max-video-preview:-1"},"canonical":"https:\/\/www.parisenigmes.com\/blog\/politique-de-confidentialite\/","og_locale":"fr_FR","og_type":"article","og_title":"Politique de confidentialit\u00e9 - Paris Enigmes - Blog","og_description":"D\u00e9couvrez la Politique de Confidentialit\u00e9 de Paris Enigmes : collecte, utilisation et protection de vos donn\u00e9es personnelles, vos droits ...","og_url":"https:\/\/www.parisenigmes.com\/blog\/politique-de-confidentialite\/","og_site_name":"Paris Enigmes - Blog","article_publisher":"https:\/\/www.facebook.com\/ParisEnigmes\/","article_modified_time":"2025-09-09T08:04:32+00:00","twitter_card":"summary_large_image","twitter_description":"D\u00e9couvrez la Politique de Confidentialit\u00e9 de Paris Enigmes : collecte, utilisation et protection de vos donn\u00e9es personnelles, vos droits ...","twitter_misc":{"Est. reading time":"2 minutes"},"schema":{"@context":"https:\/\/schema.org","@graph":[{"@type":"WebPage","@id":"https:\/\/www.parisenigmes.com\/blog\/politique-de-confidentialite\/","url":"https:\/\/www.parisenigmes.com\/blog\/politique-de-confidentialite\/","name":"Politique de confidentialit\u00e9 - Paris Enigmes - Blog","isPartOf":{"@id":"https:\/\/www.parisenigmes.com\/blog\/#website"},"datePublished":"2025-08-26T12:33:47+00:00","dateModified":"2025-09-09T08:04:32+00:00","description":"D\u00e9couvrez la Politique de Confidentialit\u00e9 de Paris Enigmes : collecte, utilisation et protection de vos donn\u00e9es personnelles, vos droits ...","breadcrumb":{"@id":"https:\/\/www.parisenigmes.com\/blog\/politique-de-confidentialite\/#breadcrumb"},"inLanguage":"fr-FR","potentialAction":[{"@type":"ReadAction","target":["https:\/\/www.parisenigmes.com\/blog\/politique-de-confidentialite\/"]}]},{"@type":"BreadcrumbList","@id":"https:\/\/www.parisenigmes.com\/blog\/politique-de-confidentialite\/#breadcrumb","itemListElement":[{"@type":"ListItem","position":1,"name":"Home","item":"https:\/\/www.parisenigmes.com\/blog\/"},{"@type":"ListItem","position":2,"name":"Politique de confidentialit\u00e9"}]},{"@type":"WebSite","@id":"https:\/\/www.parisenigmes.com\/blog\/#website","url":"https:\/\/www.parisenigmes.com\/blog\/","name":"Paris Enigmes - Blog","description":"","publisher":{"@id":"https:\/\/www.parisenigmes.com\/blog\/#organization"},"potentialAction":[{"@type":"SearchAction","target":{"@type":"EntryPoint","urlTemplate":"https:\/\/www.parisenigmes.com\/blog\/?s={search_term_string}"},"query-input":{"@type":"PropertyValueSpecification","valueRequired":true,"valueName":"search_term_string"}}],"inLanguage":"fr-FR"},{"@type":"Organization","@id":"https:\/\/www.parisenigmes.com\/blog\/#organization","name":"Paris Enigmes - Blog","url":"https:\/\/www.parisenigmes.com\/blog\/","logo":{"@type":"ImageObject","inLanguage":"fr-FR","@id":"https:\/\/www.parisenigmes.com\/blog\/#\/schema\/logo\/image\/","url":"https:\/\/www.parisenigmes.com\/blog\/wp-content\/uploads\/2025\/08\/ic_launcher.png","contentUrl":"https:\/\/www.parisenigmes.com\/blog\/wp-content\/uploads\/2025\/08\/ic_launcher.png","width":1080,"height":1080,"caption":"Paris Enigmes - Blog"},"image":{"@id":"https:\/\/www.parisenigmes.com\/blog\/#\/schema\/logo\/image\/"},"sameAs":["https:\/\/www.facebook.com\/ParisEnigmes\/","https:\/\/www.instagram.com\/parisenigmes\/"]}]}},"_links":{"self":[{"href":"https:\/\/www.parisenigmes.com\/blog\/wp-json\/wp\/v2\/pages\/486","targetHints":{"allow":["GET"]}}],"collection":[{"href":"https:\/\/www.parisenigmes.com\/blog\/wp-json\/wp\/v2\/pages"}],"about":[{"href":"https:\/\/www.parisenigmes.com\/blog\/wp-json\/wp\/v2\/types\/page"}],"author":[{"embeddable":true,"href":"https:\/\/www.parisenigmes.com\/blog\/wp-json\/wp\/v2\/users\/1"}],"replies":[{"embeddable":true,"href":"https:\/\/www.parisenigmes.com\/blog\/wp-json\/wp\/v2\/comments?post=486"}],"version-history":[{"count":8,"href":"https:\/\/www.parisenigmes.com\/blog\/wp-json\/wp\/v2\/pages\/486\/revisions"}],"predecessor-version":[{"id":781,"href":"https:\/\/www.parisenigmes.com\/blog\/wp-json\/wp\/v2\/pages\/486\/revisions\/781"}],"wp:attachment":[{"href":"https:\/\/www.parisenigmes.com\/blog\/wp-json\/wp\/v2\/media?parent=486"}],"curies":[{"name":"wp","href":"https:\/\/api.w.org\/{rel}","templated":true}]}}